{"version":"1.0","provider_name":"LEMAY - Architecture et design","provider_url":"https:\/\/lemay.com\/fr\/","author_name":"Marie L\u00e9veill\u00e9 Tremblay","author_url":"https:\/\/lemay.com\/fr\/auteur\/mltremblay\/","title":"D\u00e9claration Territoriale | LEMAY - Architecture et design","type":"rich","width":600,"height":338,"html":"<blockquote class=\"wp-embedded-content\" data-secret=\"odALFj957J\"><a href=\"https:\/\/lemay.com\/fr\/declaration-territoriale\/\">D\u00e9claration Territoriale<\/a><\/blockquote><iframe sandbox=\"allow-scripts\" security=\"restricted\" src=\"https:\/\/lemay.com\/fr\/declaration-territoriale\/embed\/#?secret=odALFj957J\" width=\"600\" height=\"338\" title=\"&laquo;&nbsp;D\u00e9claration Territoriale&nbsp;&raquo; &#8212; LEMAY - Architecture et design\" data-secret=\"odALFj957J\" frameborder=\"0\" marginwidth=\"0\" marginheight=\"0\" scrolling=\"no\" class=\"wp-embedded-content\"><\/iframe><script type=\"text\/javascript\">\n\/* <![CDATA[ *\/\n\/*! This file is auto-generated *\/\n!function(d,l){\"use strict\";l.querySelector&&d.addEventListener&&\"undefined\"!=typeof URL&&(d.wp=d.wp||{},d.wp.receiveEmbedMessage||(d.wp.receiveEmbedMessage=function(e){var t=e.data;if((t||t.secret||t.message||t.value)&&!\/[^a-zA-Z0-9]\/.test(t.secret)){for(var s,r,n,a=l.querySelectorAll('iframe[data-secret=\"'+t.secret+'\"]'),o=l.querySelectorAll('blockquote[data-secret=\"'+t.secret+'\"]'),c=new RegExp(\"^https?:$\",\"i\"),i=0;i<o.length;i++)o[i].style.display=\"none\";for(i=0;i<a.length;i++)s=a[i],e.source===s.contentWindow&&(s.removeAttribute(\"style\"),\"height\"===t.message?(1e3<(r=parseInt(t.value,10))?r=1e3:~~r<200&&(r=200),s.height=r):\"link\"===t.message&&(r=new URL(s.getAttribute(\"src\")),n=new URL(t.value),c.test(n.protocol))&&n.host===r.host&&l.activeElement===s&&(d.top.location.href=t.value))}},d.addEventListener(\"message\",d.wp.receiveEmbedMessage,!1),l.addEventListener(\"DOMContentLoaded\",function(){for(var e,t,s=l.querySelectorAll(\"iframe.wp-embedded-content\"),r=0;r<s.length;r++)(t=(e=s[r]).getAttribute(\"data-secret\"))||(t=Math.random().toString(36).substring(2,12),e.src+=\"#?secret=\"+t,e.setAttribute(\"data-secret\",t)),e.contentWindow.postMessage({message:\"ready\",secret:t},\"*\")},!1)))}(window,document);\n\/* ]]> *\/\n<\/script>\n","description":"Nous reconnaissons que nos diff\u00e9rents bureaux et projets sont situ\u00e9s sur des territoires autochtones traditionnels non c\u00e9d\u00e9s, et que diverses nations issues des Premi\u00e8res Nations, des M\u00e9tis et des Inuits sont les gardiens ancestraux des terres et des eaux de ces territoires. Nous sommes aussi conscients que la pratique de l'architecture a historiquement contribu\u00e9 et continue de contribuer \u00e0 l'assimilation culturelle et la colonisation et a caus\u00e9 des impacts sur les modes de vie autochtones. Nous croyons que les architectes ont une responsabilit\u00e9 fondamentale dans la r\u00e9paration de ces injustices en soutenant la souverainet\u00e9, la prosp\u00e9rit\u00e9 et l'am\u00e9lioration de la qualit\u00e9 de vie des communaut\u00e9s touch\u00e9es par notre travail.\u00a0 Cette reconnaissance fait partie de notre engagement ferme en faveur de l'affirmation et de la promotion des voix et des valeurs autochtones. Nous tenons \u00e0 faire preuve de sensibilit\u00e9, d'\u00e9coute et d'humilit\u00e9 afin d'\u00e9tablir\u00a0des relations durables bas\u00e9es sur la collaboration et la coop\u00e9ration. Nous sommes d\u00e9termin\u00e9s \u00e0 travailler \u00e0 la d\u00e9colonisation de notre pratique et \u00e0 faire des efforts vers la r\u00e9conciliation.\u00a0","thumbnail_url":"https:\/\/lemay.com\/app\/uploads\/2020\/07\/logo-lemay.jpg","thumbnail_width":600,"thumbnail_height":600}

Marie Léveillé Tremblay

Déclaration Territoriale | LEMAY - Architecture et design

<blockquote class="wp-embedded-content" data-secret="odALFj957J"><a href="https://lemay.com/fr/declaration-territoriale/">Déclaration Territoriale</a></blockquote><iframe sandbox="allow-scripts" security="restricted" src="https://lemay.com/fr/declaration-territoriale/embed/#?secret=odALFj957J" width="600" height="338" title="&laquo;&nbsp;Déclaration Territoriale&nbsp;&raquo; &#8212; LEMAY - Architecture et design" data-secret="odALFj957J" frameborder="0" marginwidth="0" marginheight="0" scrolling="no" class="wp-embedded-content"></iframe><script type="text/javascript">
/* <![CDATA[ */
/*! This file is auto-generated */
!function(d,l){"use strict";l.querySelector&&d.addEventListener&&"undefined"!=typeof URL&&(d.wp=d.wp||{},d.wp.receiveEmbedMessage||(d.wp.receiveEmbedMessage=function(e){var t=e.data;if((t||t.secret||t.message||t.value)&&!/[^a-zA-Z0-9]/.test(t.secret)){for(var s,r,n,a=l.querySelectorAll('iframe[data-secret="'+t.secret+'"]'),o=l.querySelectorAll('blockquote[data-secret="'+t.secret+'"]'),c=new RegExp("^https?:$","i"),i=0;i<o.length;i++)o[i].style.display="none";for(i=0;i<a.length;i++)s=a[i],e.source===s.contentWindow&&(s.removeAttribute("style"),"height"===t.message?(1e3<(r=parseInt(t.value,10))?r=1e3:~~r<200&&(r=200),s.height=r):"link"===t.message&&(r=new URL(s.getAttribute("src")),n=new URL(t.value),c.test(n.protocol))&&n.host===r.host&&l.activeElement===s&&(d.top.location.href=t.value))}},d.addEventListener("message",d.wp.receiveEmbedMessage,!1),l.addEventListener("DOMContentLoaded",function(){for(var e,t,s=l.querySelectorAll("iframe.wp-embedded-content"),r=0;r<s.length;r++)(t=(e=s[r]).getAttribute("data-secret"))||(t=Math.random().toString(36).substring(2,12),e.src+="#?secret="+t,e.setAttribute("data-secret",t)),e.contentWindow.postMessage({message:"ready",secret:t},"*")},!1)))}(window,document);
/* ]]> */
</script>

Nous reconnaissons que nos différents bureaux et projets sont situés sur des territoires autochtones traditionnels non cédés, et que diverses nations issues des Premières Nations, des Métis et des Inuits sont les gardiens ancestraux des terres et des eaux de ces territoires. Nous sommes aussi conscients que la pratique de l'architecture a historiquement contribué et continue de contribuer à l'assimilation culturelle et la colonisation et a causé des impacts sur les modes de vie autochtones. Nous croyons que les architectes ont une responsabilité fondamentale dans la réparation de ces injustices en soutenant la souveraineté, la prospérité et l'amélioration de la qualité de vie des communautés touchées par notre travail.  Cette reconnaissance fait partie de notre engagement ferme en faveur de l'affirmation et de la promotion des voix et des valeurs autochtones. Nous tenons à faire preuve de sensibilité, d'écoute et d'humilité afin d'établir des relations durables basées sur la collaboration et la coopération. Nous sommes déterminés à travailler à la décolonisation de notre pratique et à faire des efforts vers la réconciliation.
