{"version":"1.0","provider_name":"LEMAY - Architecture et design","provider_url":"https:\/\/lemay.com\/fr\/","author_name":"Marie L\u00e9veill\u00e9 Tremblay","author_url":"https:\/\/lemay.com\/fr\/auteur\/mltremblay\/","title":"Salut \u00e0 toi, cr\u00e9ateur de changement! | LEMAY - Architecture et design","type":"rich","width":600,"height":338,"html":"<blockquote class=\"wp-embedded-content\" data-secret=\"c4PCBsxe7N\"><a href=\"https:\/\/lemay.com\/fr\/salut-createur-changement\/\">Salut \u00e0 toi, cr\u00e9ateur de changement!<\/a><\/blockquote><iframe sandbox=\"allow-scripts\" security=\"restricted\" src=\"https:\/\/lemay.com\/fr\/salut-createur-changement\/embed\/#?secret=c4PCBsxe7N\" width=\"600\" height=\"338\" title=\"&laquo;&nbsp;Salut \u00e0 toi, cr\u00e9ateur de changement!&nbsp;&raquo; &#8212; LEMAY - Architecture et design\" data-secret=\"c4PCBsxe7N\" frameborder=\"0\" marginwidth=\"0\" marginheight=\"0\" scrolling=\"no\" class=\"wp-embedded-content\"><\/iframe><script type=\"text\/javascript\">\n\/* <![CDATA[ *\/\n\/*! This file is auto-generated *\/\n!function(d,l){\"use strict\";l.querySelector&&d.addEventListener&&\"undefined\"!=typeof URL&&(d.wp=d.wp||{},d.wp.receiveEmbedMessage||(d.wp.receiveEmbedMessage=function(e){var t=e.data;if((t||t.secret||t.message||t.value)&&!\/[^a-zA-Z0-9]\/.test(t.secret)){for(var s,r,n,a=l.querySelectorAll('iframe[data-secret=\"'+t.secret+'\"]'),o=l.querySelectorAll('blockquote[data-secret=\"'+t.secret+'\"]'),c=new RegExp(\"^https?:$\",\"i\"),i=0;i<o.length;i++)o[i].style.display=\"none\";for(i=0;i<a.length;i++)s=a[i],e.source===s.contentWindow&&(s.removeAttribute(\"style\"),\"height\"===t.message?(1e3<(r=parseInt(t.value,10))?r=1e3:~~r<200&&(r=200),s.height=r):\"link\"===t.message&&(r=new URL(s.getAttribute(\"src\")),n=new URL(t.value),c.test(n.protocol))&&n.host===r.host&&l.activeElement===s&&(d.top.location.href=t.value))}},d.addEventListener(\"message\",d.wp.receiveEmbedMessage,!1),l.addEventListener(\"DOMContentLoaded\",function(){for(var e,t,s=l.querySelectorAll(\"iframe.wp-embedded-content\"),r=0;r<s.length;r++)(t=(e=s[r]).getAttribute(\"data-secret\"))||(t=Math.random().toString(36).substring(2,12),e.src+=\"#?secret=\"+t,e.setAttribute(\"data-secret\",t)),e.contentWindow.postMessage({message:\"ready\",secret:t},\"*\")},!1)))}(window,document);\n\/* ]]> *\/\n<\/script>\n","description":"Cr\u00e9er des espaces de vie et de possibilit\u00e9s\u00a0: b\u00e2tir un avenir meilleur, \u00e0 notre fa\u00e7on C\u2019est notre mission et voici ce que cela signifie pour nous. Espace rime avec opportunit\u00e9 S\u2019il s\u2019agit d\u2019un espace vaste, nous r\u00eaverons \u00e0 ses possibilit\u00e9s\u2009; s\u2019il est limit\u00e9 par des fronti\u00e8res, nous nous adapterons \u00e0 ses contraintes. L\u2019important n\u2019est pas l\u2019espace en soi, mais ce que nous en ferons, quelle que soit sa forme\u2014de l\u2019environnement b\u00e2ti \u00e0 l\u2019espace d\u2019id\u00e9es et de cr\u00e9ativit\u00e9, en passant par le lieu num\u00e9rique d\u2019innovation et de recherche. La valeur d\u2019un lieu peut \u00eatre d\u00e9termin\u00e9e par la qualit\u00e9 de vie qu\u2019il g\u00e9n\u00e8re, peu importe o\u00f9 il se trouve. C\u2019est pourquoi le design est si important\u00a0: il peut servir de force motrice pour que les gens s\u2019\u00e9panouissent dans de nouvelles r\u00e9alit\u00e9s et continuent \u00e0 se d\u00e9velopper. Lorsque la conception repose sur la curiosit\u00e9, l\u2019imagination et la g\u00e9n\u00e9rosit\u00e9 de rendre le monde meilleur, l\u2019espace \u2019peut devenir bien plus que ce qu\u2019il \u00e9tait lorsque nous l\u2019avons trouv\u00e9. \u00c0 travers le design, nous pouvons cr\u00e9er des espaces o\u00f9 il fait bon vivre, grandir et r\u00eaver. C\u2019est notre fa\u00e7on, \u00e0 nous, de construire un monde meilleur. C\u2019est un \u00e9tat d\u2019esprit Un de nos principes est toujours rest\u00e9 le m\u00eame\u00a0: le d\u00e9sir d\u2019\u00e9voluer. Nous savons que pour \u00eatre de v\u00e9ritables acteurs du changement, nous devons \u00eatre ouverts \u00e0 explorer l\u2019espace au-del\u00e0 de nos zones de confort. Nous devons nous exposer aux risques et aux d\u00e9fis afin d\u2019apprendre, de d\u00e9passer nos propres limites et de cr\u00e9er des opportunit\u00e9s de croissance et de progr\u00e8s. Il ne s\u2019agit pas d\u2019atteindre la perfection, puisqu\u2019\u00eatre parfait signifie qu\u2019il n\u2019y a plus de travail \u00e0 faire. Il s\u2019agit plut\u00f4t de chercher \u00e0 devenir meilleur. C\u2019est en nous surpassant nous-m\u00eames, en apprenant toujours plus et en sortant de nos habitudes que nous pourrons cr\u00e9er une v\u00e9ritable valeur collective. C\u2019est notre fa\u00e7on de travailler Notre approche transdisciplinaire nous permet de repousser les limites de notre pratique et d\u2019aller toujours plus loin. C\u2019est ce processus qui engendre l\u2019espace foisonnant dont nous parlons\u00a0: notre approche collaborative du travail d\u2019\u00e9quipe, o\u00f9 rien ni personne n\u2019op\u00e8re en silo ou en s\u2019isolant des autres dans le processus de conception. Au contraire, il s\u2019agit d\u2019une conversation continue \u00e0 laquelle tout le monde prend part afin de cr\u00e9er un environnement o\u00f9 les id\u00e9es et les disciplines peuvent se nourrir les unes des autres. Ce processus cr\u00e9e \u00e0 son tour des lieux enrichissants pour les usagers. Vous en trouvez la preuve dans des projets comme la place des Montr\u00e9alaises, o\u00f9 l\u2019architecture de paysage, l\u2019architecture et l\u2019art s\u2019unissent pour faire progresser l\u2019inclusion et l\u2019\u00e9galit\u00e9 dans nos villes, ou encore celui de l\u2019Espace\u00a067, fruit d\u2019un travail transdisciplinaire qui a permis d\u2019interconnecter des \u00e9l\u00e9ments autrefois disparates d\u2019un site patrimonial. Des id\u00e9es d\u00e9coule l\u2019approche collaborative n\u00e9cessaire pour les r\u00e9aliser. Nous nous organisons non pas en fonction d\u2019un th\u00e8me ou d\u2019une sp\u00e9cialisation, mais des m\u00e9thodologies de conception que nous avons \u00e9labor\u00e9es. Nous nous interrogeons sur le concept derri\u00e8re le b\u00e2timent, le paysage, le rez-de-chauss\u00e9e\u2026 et nous mettons en place un processus pour qu\u2019il prenne vie. \u00c0 travers la collaboration et la mise en valeur des m\u00e9thodes et expertises de chacun, nos \u00e9quipes \u00e9largissent leurs perspectives. C\u2019est ainsi que nous grandissons. C\u2019est ce qui nous permet de r\u00eaver plus grand Cr\u00e9er des espaces de vie et de possibilit\u00e9s riches de sens, c\u2019est nous donner la permission d\u2019aller plus loin. C\u2019est un \u00e9l\u00e9ment constitutif de notre image de marque et de nos initiatives pour c\u00e9l\u00e9brer les esprits cr\u00e9atifs qui font la force de notre \u00e9quipe. C\u2019est un id\u00e9al qui nous rassemble et que nous servons ensemble. Une devise qui capture un moment dans le temps, soulignant non seulement les progr\u00e8s accomplis, mais aussi le chemin qu\u2019il nous reste \u00e0 parcourir. Au cours de la derni\u00e8re d\u00e9cennie, nous avons port\u00e9 une attention croissante au pouvoir du design et \u00e0 sa capacit\u00e9 d\u2019am\u00e9liorer concr\u00e8tement la vie des gens. Pour Robert Fiorino, chef marketing de notre \u00e9quipe, cet engagement nous donne un but, une raison d\u2019\u00eatre qui a guid\u00e9 notre croissance au cours des 65 derni\u00e8res ann\u00e9es et celle des 65 ann\u00e9es \u00e0 venir. \u00ab\u2009\u00c0 l\u2019ext\u00e9rieur de la firme, nous cr\u00e9ons des espaces o\u00f9 chacun peut s\u2019\u00e9panouir, \u00e0 travers le changement et la nuance. Cela nous permet de saisir les nuances et les changements sociaux qui se produisent et de nous d\u00e9velopper avec eux\u2014changement climatique, pand\u00e9mies, guerres, hausses et baisses de l\u2019\u00e9conomie. Ce sont des catalyseurs de changement du point de vue du design. \u00a0\u00ab\u00a0\u00c0\u00a0l\u2019int\u00e9rieur de la firme, nous nous donnons l\u2019espace n\u00e9cessaire pour grandir. Nous nous donnons la permission d\u2019\u00e9voluer avec la marque. Que vous soyez architecte stagiaire ou cadre, vous pouvez vous reconna\u00eetre dans le raffinement de la marque, adopter nos principes et les amenez l\u00e0 o\u00f9 vous voulez qu\u2019ils aillent.\u00a0\u00bb Le concept de l\u2019espace de vie et de possibilit\u00e9s incarne une dualit\u00e9, refl\u00e9tant \u00e0 la fois une ouverture au changement et une adh\u00e9sion \u00e0 nos id\u00e9aux et principes fondamentaux. C\u2019est un \u00e9quilibre entre les transformations qui se profilent devant nous et celles que nous avons v\u00e9cues ensemble. Il se d\u00e9ploie autant dans ce que nous avons accompli que dans ce que nous voulons accomplir.","thumbnail_url":"https:\/\/lemay.com\/app\/uploads\/2020\/07\/logo-lemay.jpg","thumbnail_width":600,"thumbnail_height":600}

Marie Léveillé Tremblay

Salut à toi, créateur de changement! | LEMAY - Architecture et design

<blockquote class="wp-embedded-content" data-secret="c4PCBsxe7N"><a href="https://lemay.com/fr/salut-createur-changement/">Salut à toi, créateur de changement!</a></blockquote><iframe sandbox="allow-scripts" security="restricted" src="https://lemay.com/fr/salut-createur-changement/embed/#?secret=c4PCBsxe7N" width="600" height="338" title="&laquo;&nbsp;Salut à toi, créateur de changement!&nbsp;&raquo; &#8212; LEMAY - Architecture et design" data-secret="c4PCBsxe7N" frameborder="0" marginwidth="0" marginheight="0" scrolling="no" class="wp-embedded-content"></iframe><script type="text/javascript">
/* <![CDATA[ */
/*! This file is auto-generated */
!function(d,l){"use strict";l.querySelector&&d.addEventListener&&"undefined"!=typeof URL&&(d.wp=d.wp||{},d.wp.receiveEmbedMessage||(d.wp.receiveEmbedMessage=function(e){var t=e.data;if((t||t.secret||t.message||t.value)&&!/[^a-zA-Z0-9]/.test(t.secret)){for(var s,r,n,a=l.querySelectorAll('iframe[data-secret="'+t.secret+'"]'),o=l.querySelectorAll('blockquote[data-secret="'+t.secret+'"]'),c=new RegExp("^https?:$","i"),i=0;i<o.length;i++)o[i].style.display="none";for(i=0;i<a.length;i++)s=a[i],e.source===s.contentWindow&&(s.removeAttribute("style"),"height"===t.message?(1e3<(r=parseInt(t.value,10))?r=1e3:~~r<200&&(r=200),s.height=r):"link"===t.message&&(r=new URL(s.getAttribute("src")),n=new URL(t.value),c.test(n.protocol))&&n.host===r.host&&l.activeElement===s&&(d.top.location.href=t.value))}},d.addEventListener("message",d.wp.receiveEmbedMessage,!1),l.addEventListener("DOMContentLoaded",function(){for(var e,t,s=l.querySelectorAll("iframe.wp-embedded-content"),r=0;r<s.length;r++)(t=(e=s[r]).getAttribute("data-secret"))||(t=Math.random().toString(36).substring(2,12),e.src+="#?secret="+t,e.setAttribute("data-secret",t)),e.contentWindow.postMessage({message:"ready",secret:t},"*")},!1)))}(window,document);
/* ]]> */
</script>

Créer des espaces de vie et de possibilités : bâtir un avenir meilleur, à notre façon C’est notre mission et voici ce que cela signifie pour nous. Espace rime avec opportunité S’il s’agit d’un espace vaste, nous rêverons à ses possibilités ; s’il est limité par des frontières, nous nous adapterons à ses contraintes. L’important n’est pas l’espace en soi, mais ce que nous en ferons, quelle que soit sa forme—de l’environnement bâti à l’espace d’idées et de créativité, en passant par le lieu numérique d’innovation et de recherche. La valeur d’un lieu peut être déterminée par la qualité de vie qu’il génère, peu importe où il se trouve. C’est pourquoi le design est si important : il peut servir de force motrice pour que les gens s’épanouissent dans de nouvelles réalités et continuent à se développer. Lorsque la conception repose sur la curiosité, l’imagination et la générosité de rendre le monde meilleur, l’espace ’peut devenir bien plus que ce qu’il était lorsque nous l’avons trouvé. À travers le design, nous pouvons créer des espaces où il fait bon vivre, grandir et rêver. C’est notre façon, à nous, de construire un monde meilleur. C’est un état d’esprit Un de nos principes est toujours resté le même : le désir d’évoluer. Nous savons que pour être de véritables acteurs du changement, nous devons être ouverts à explorer l’espace au-delà de nos zones de confort. Nous devons nous exposer aux risques et aux défis afin d’apprendre, de dépasser nos propres limites et de créer des opportunités de croissance et de progrès. Il ne s’agit pas d’atteindre la perfection, puisqu’être parfait signifie qu’il n’y a plus de travail à faire. Il s’agit plutôt de chercher à devenir meilleur. C’est en nous surpassant nous-mêmes, en apprenant toujours plus et en sortant de nos habitudes que nous pourrons créer une véritable valeur collective. C’est notre façon de travailler Notre approche transdisciplinaire nous permet de repousser les limites de notre pratique et d’aller toujours plus loin. C’est ce processus qui engendre l’espace foisonnant dont nous parlons : notre approche collaborative du travail d’équipe, où rien ni personne n’opère en silo ou en s’isolant des autres dans le processus de conception. Au contraire, il s’agit d’une conversation continue à laquelle tout le monde prend part afin de créer un environnement où les idées et les disciplines peuvent se nourrir les unes des autres. Ce processus crée à son tour des lieux enrichissants pour les usagers. Vous en trouvez la preuve dans des projets comme la place des Montréalaises, où l’architecture de paysage, l’architecture et l’art s’unissent pour faire progresser l’inclusion et l’égalité dans nos villes, ou encore celui de l’Espace 67, fruit d’un travail transdisciplinaire qui a permis d’interconnecter des éléments autrefois disparates d’un site patrimonial. Des idées découle l’approche collaborative nécessaire pour les réaliser. Nous nous organisons non pas en fonction d’un thème ou d’une spécialisation, mais des méthodologies de conception que nous avons élaborées. Nous nous interrogeons sur le concept derrière le bâtiment, le paysage, le rez-de-chaussée… et nous mettons en place un processus pour qu’il prenne vie. À travers la collaboration et la mise en valeur des méthodes et expertises de chacun, nos équipes élargissent leurs perspectives. C’est ainsi que nous grandissons. C’est ce qui nous permet de rêver plus grand Créer des espaces de vie et de possibilités riches de sens, c’est nous donner la permission d’aller plus loin. C’est un élément constitutif de notre image de marque et de nos initiatives pour célébrer les esprits créatifs qui font la force de notre équipe. C’est un idéal qui nous rassemble et que nous servons ensemble. Une devise qui capture un moment dans le temps, soulignant non seulement les progrès accomplis, mais aussi le chemin qu’il nous reste à parcourir. Au cours de la dernière décennie, nous avons porté une attention croissante au pouvoir du design et à sa capacité d’améliorer concrètement la vie des gens. Pour Robert Fiorino, chef marketing de notre équipe, cet engagement nous donne un but, une raison d’être qui a guidé notre croissance au cours des 65 dernières années et celle des 65 années à venir. « À l’extérieur de la firme, nous créons des espaces où chacun peut s’épanouir, à travers le changement et la nuance. Cela nous permet de saisir les nuances et les changements sociaux qui se produisent et de nous développer avec eux—changement climatique, pandémies, guerres, hausses et baisses de l’économie. Ce sont des catalyseurs de changement du point de vue du design.  « À l’intérieur de la firme, nous nous donnons l’espace nécessaire pour grandir. Nous nous donnons la permission d’évoluer avec la marque. Que vous soyez architecte stagiaire ou cadre, vous pouvez vous reconnaître dans le raffinement de la marque, adopter nos principes et les amenez là où vous voulez qu’ils aillent. » Le concept de l’espace de vie et de possibilités incarne une dualité, reflétant à la fois une ouverture au changement et une adhésion à nos idéaux et principes fondamentaux. C’est un équilibre entre les transformations qui se profilent devant nous et celles que nous avons vécues ensemble. Il se déploie autant dans ce que nous avons accompli que dans ce que nous voulons accomplir.
